 7.
446340
1001011001101100001 (base 2) to base 3
120122120211
What is ea775 (base 16) in base 12?
3a3931
Convert -4a914 (base 13) to base 9.
-228857
10110111000001000100 (base 2) to base 16
b7044
Convert -331d (base 14) to base 4.
-2022033
What is a1de (base 15) in base 8?
102610
Convert -11010110100100110010 (base 2) to base 13.
-24a077
Convert -274663 (base 12) to base 6.
-21540203
What is 1ba4cb2 (base 13) in base 4?
203013330303
Convert 12ca2b (base 13) to base 11.
291a86
10101101101010110010010 (base 2) to base 8
25552622
-105138 (base 12) to base 11
-166647
Convert -aca6 (base 15) to base 8.
-107376
What is 73095 (base 10) in base 3?
10201021020
-156643 (base 12) to base 15
-72bd0
52211 (base 8) to base 15
662b
What is -24447868 (base 9) in base 3?
-211111121222022
Convert -213130011 (base 4) to base 11.
-100406
Convert 1001556 (base 8) to base 15.
52dec
Convert -7266264 (base 8) to base 7.
-22251035
What is 34974 (base 11) in base 16?
c4f1
311221221 (base 4) to base 11
140116
-37610 (base 16) to base 5
-24224312
What is -14213032 (base 5) in base 11?
-a1128
What is -54253750 (base 8) in base 7?
-200534323
What is 1030032300 (base 4) in base 11?
1a3655
What is 3cc61 (base 14) in base 12?
731b1
-112102221100 (base 3) to base 13
-9c507
Convert -3a245 (base 12) to base 6.
-1413325
Convert 1221021220 (base 3) to base 2.
1001010011101001
-111000101011000001 (base 2) to base 14
-60849
Convert -1799181 (base 11) to base 12.
-1028b10
Convert 421441324 (base 6) to base 13.
16a99b6
What is -250580 (base 9) in base 10?
-151380
Convert -124123243 (base 5) to base 3.
-1011012112002
Convert -216d7 (base 15) to base 10.
-106177
What is -2450245 (base 9) in base 16?
-145376
Convert 91a59 (base 14) to base 15.
6dcd7
-1425463 (base 7) to base 3
-100201212121
What is 706688 (base 11) in base 13?
30a1b4
Convert -2122580 (base 11) to base 7.
-43522330
Convert -132111 (base 5) to base 10.
-5281
Convert bb026 (base 16) to base 2.
10111011000000100110
Convert -1194ac (base 14) to base 12.
-250380
Convert 104d (base 14) to base 2.
101011111101
Convert 250455555 (base 6) to base 14.
8cc675
1322020000 (base 4) to base 7
4152244
What is -322021222 (base 5) in base 16?
-14c3ac
Convert -264344 (base 7) to base 2.
-1100000110100011
Convert -8422a (base 12) to base 9.
-283427
-1450212 (base 6) to base 2
-10100100101100000
What is -1102346 (base 7) in base 8?
-410233
28ba64 (base 15) to base 5
1000310334
Convert -41603 (base 10) to base 3.
-2010001212
What is -202221012 (base 4) in base 14?
-399d4
-1102200012102 (base 3) to base 14
-15b5b0
2a534e (base 15) to base 6
111440332
3056056 (base 9) to base 4
12032111001
Convert 1b257b (base 12) to base 13.
13b044
Convert a8248 (base 13) to base 14.
7c8c8
What is 61042 (base 8) in base 9?
37413
-112b07 (base 14) to base 5
-122141031
Convert 6299605 (base 10) to base 11.
3612a94
Convert -23344 (base 13) to base 5.
-4024101
-12113013123 (base 4) to base 11
-a39942
What is 35a749 (base 11) in base 12?
236234
Convert 40342323 (base 6) to base 11.
715134
Convert -439356 (base 14) to base 3.
-11022102220100
What is -3201123031 (base 4) in base 11?
-5807a1
-90963 (base 15) to base 7
-3614346
Convert 1011100101111010 (base 2) to base 8.
134572
Convert 1120183 (base 9) to base 14.
11a064
12610203 (base 8) to base 5
1210303100
What is 630720 (base 9) in base 5?
43441222
What is 100571 (base 9) in base 7?
335344
What is -45124632 (base 7) in base 16?
-3b98b3
Convert 110011101101010001010 (base 2) to base 3.
10012002012120
What is -22512 (base 15) in base 8?
-325126
What is -1045215 (base 8) in base 11?
-182323
What is 15270567 (base 8) in base 5?
1344034310
-111100101001001010101 (base 2) to base 15
-293bc2
What is 3b587 (base 14) in base 6?
3050215
What is -bff819 (base 16) in base 7?
-211635656
What is 10010010010111000000 (base 2) in base 8?
2222700
60a663 (base 12) to base 16
170f2b
-3022100101 (base 4) to base 13
-2300c8
201100110022 (base 3) to base 8
1347706
What is -100100111111010 (base 2) in base 15?
-5928
Convert 23786 (base 10) to base 9.
35558
What is 1560514 (base 7) in base 2?
110100110100011010
218832 (base 9) to base 6
2451132
Convert -122022101200 (base 3) to base 8.
-1231373
What is b6ff7 (base 16) in base 15?
ec159
Convert -2d6a9 (base 15) to base 10.
-146634
Convert -102441213 (base 6) to base 16.
-1b9c69
What is 42a77 (base 15) in base 6?
4311404
3442320 (base 5) to base 16
f302
Convert -20200022333 (base 4) to base 3.
-11012020111212
Convert -10025422 (base 6) to base 11.
-18421a
What is 423211 (base 8) in base 6?
3004253
Convert 36540265 (base 8) to base 9.
16121253
What is -1478586 (base 11) in base 7?
-30333632
Convert -228068 (base 10) to base 12.
-abb98
Convert -15604 (base 7) to base 6.
-32234
-2e35e (base 16) to base 5
-22024103
What is 2001201002 (base 3) in base 12?
1b602
-217aa (base 16) to base 4
-201132222
8b100e (base 16) to base 5
4313113424
What is 174760 (base 9) in base 13?
3a512
215034420 (base 7) to base 6
1141322303
b7279 (base 13) to base 2
1010000100100000100
What is -7400b4 (base 13) in base 8?
-12263542
What is -85529 (base 13) in base 10?
-240353
Convert 100000311211 (base 4) to base 8.
20006545
-15848 (base 11) to base 3
-1010121112
What is 110210222210 (base 3) in base 5?
31032403
What is -11100011110111000110 (base 2) in base 16?
-e3dc6
Convert -123406 (base 11) to base 2.
-101111100100000000
Convert -58798 (base 11) to base 16.
-14b47
Convert -111101111110010011011 (base 2) to base 8.
-7576233
Convert -240134423 (base 5) to base 2.
-100001100011001100011
What is -565253 (base 10) in base 14?
-109dd3
What is 203100302 (base 5) in base 10?
831327
Convert -c1421 (base 14) to base 11.
-298028
-326113 (base 7) to base 2
-1101111111111100
32476 (base 14) to base 9
204747
Convert -259096 (base 12) to base 8.
-2265062
What is 102355602 (base 7) in base 8?
27104630
What is 1ced54 (base 16) in base 8?
7166524
What is -1146118 (base 13) in base 2?
-10100010100001110010110
-20012011100022 (base 3) to base 13
-8b27a6
Convert -4332b (base 13) to base 6.
-2333535
Convert -21112202011 (base 3) to base 5.
-14223111
-2262435 (base 7) to base 16
-45642
1010011100 (base 3) to base 12
10883
What is -11211120221001 (base 3) in base 12?
-a3b601
-2300123121 (base 4) to base 14
-14b4db
Convert 340071 (base 9) to base 6.
4205531
Convert -12b783 (base 13) to base 2.
-1101110110011110000
-200021 (base 8) to base 11
-45284
34434 (base 6) to base 16
1336
2512 (base 10) to base 8
4720
-20102211200 (base 3) to base 11
-87239
Convert -35394 (base 10) to base 3.
-1210112220
Convert -525145031 (base 6) to base 12.
-30bb177
-214125553 (base 6) to base 8
-16507015
Convert -3333320010 (base 4) to base 15.
-15a813
What is 21054043 (base 6) in base 8?
2257013
What is 25243501 (base 6) in base 13?
226aa7
-1023313302 (base 4) to base 7
-2433015
Convert 24aa27 (base 14) to base 9.
2327607
What is 74263135 (base 8) in base 13?
337bb95
What is 176031 (base 9) in base 16?
1ab42
Convert -122230031 (base 4) to base 2.
-11010101100001101
149784 (base 16) to base 13
383334
Convert -344120525 (base 6) to base 3.
-102221220111022
402521 (base 6) to base 2
111101111110001
Convert 183cd29 (base 14) to base 10.
11982889
What is -102010123233 (base 4) in base 8?
-22043357
-5001043 (base 6) to base 12
-b3183
What is 23223214 (base 5) in base 11?
134632
What is 111011111000 (base 3) in base 5?
31243041
Convert -126d690 (base 15) to base 10.
-13258485
Convert -193b (base 13) to base 16.
-eb8
-121012 (base 5) to base 13
-2089
-111121020222221 (base 3) to base 6
-414534254
Convert -173789 (base 10) to base 9.
-284348
What is 22414525 (base 8) in base 5?
2220344044
What is -42416 (base 11) in base 16?
-f11f
What is -2021232020 (base 4) in base 3?
-1001122210202
-231040311 (base 5) to base 10
-1033831
100241431 (base 5) to base 4
1201210000
What is 111503 (base 14) in base 3?
1002110120021
What is -136426034 (base 7) in base 3?
-121222000212002
1216365 (base 8) to base 13
b96a5
Convert 15c2651 (base 13) to base 10.
7031480
Convert -1031474 (base 8) to base 12.
-113364
What is 28420 (base 9) in base 16?
4b60
What is 114750 (base 12) in base 7?
2234115
What is -10210123131 (base 4) in base 8?
-4443335
Convert -222160 (base 8) to base 7.
-431156